o) = 11*h(o) - 2*z(o). Give f(-1).
1
Let y be (4 + -2)/((-4)/(-10)). Suppose 4*p = -h + 3*h + 4, 1 = -4*h + p. Let o(t) = -t + h + 2*t - 2. Give o(y).
3
Let n(a) = -11*a**2 - 15*a + 9. Let h(q) = -10*q**2 - 13*q + 8. Let u(l) = 6*h(l) - 5*n(l). Give u(2).
-23
Let y(p) = -9*p**3 - 5*p**2 - 8*p. Let t(r) = -5*r**3 - 3*r**2 - 4*r. Let j(a) = 11*t(a) - 6*y(a). Suppose 36*q = -36 - 72. Determine j(q).
-12
Let m(t) = t**3 - 5*t**2 + 3*t + 4. Let w = -86 - -90. What is m(w)?
0
Let s(p) = -4*p + 1. Let c be s(4). Let a be (c/12)/(3/(-12)). Let x(z) = -z**2 - 4*z + a + 0*z**2 + 3*z. Determine x(0).
5
Let a(f) = -f**3 + 5*f**2 + 3. Let u be a(5). Let v be 4/(-3) + 1/u. Let c(q) = q - 1 + q + q. Determine c(v).
-4
Suppose -5*m - 5*b = 55, 4*b = -m - b - 31. Let n(c) = c**3 + 6*c**2 + c + 8. Let s be n(m). Let q = -1 + s. Let h(j) = j**3 - j**2. Determine h(q).
0
Let k(v) = -v**3 + 4*v - 6. Let h(j) = j + 1. Let x(t) = -4*h(t) + k(t). What is x(0)?
-10
Let f(b) = -2*b - 4. Let i be f(-5). Let a(c) = -3*c**2 - 8*c + 4*c**2 + 0 + 5. Calculate a(i).
-7
Let z(x) = 7*x**2 - 9*x + 4. Let h(a) = a**2 - a + 1. Let g(i) = 6*h(i) - z(i). Let c be 4/1 - (-1)/1. Give g(c).
-8
Let g(n) = n**2 - 2*n - 3. Let o = 93 - 90. Give g(o).
0
Let g(t) = -t**2 + t - 1. Let o(s) = 5*s**2 - 5*s + 8. Let r(n) = -6*g(n) - o(n). Calculate r(-3).
10
Let i(x) = x**2 + 3*x + 1. Let j be i(-4). Let q(t) = t**3 - 5*t**2 - t + 7. What is q(j)?
2
Let a = 219 + -217. Let v(f) be the second derivative of f**4/12 + f**3/6 - f**2/2 + f. Calculate v(a).
5
Let u(y) = -y**2 + 5. Let q be (8/14)/(5/35). Calculate u(q).
-11
Let c(t) be the first derivative of -t**3/3 + 7*t**2/2 + 9. Determine c(5).
10
Suppose 0 = 2*k - 1 - 1. Let s(u) be the first derivative of -5*u**3/3 + u**2/2 - u - 9. What is s(k)?
-5
Let m(d) = -d + 1. Suppose -4*v = -7*v - 24. Let p be -3 - (v - (-2)/(-2)). Calculate m(p).
-5
Let j(b) = -b**2 + 2. Suppose -3*d = q + 6, -5*q - 2*d - 2 = -d. Suppose 0*t + t + 2 = q. Let k(i) = -i**3 - i**2 + 2*i. Let m be k(t). Calculate j(m).
2
Let u(m) = -m**3 - 7*m**2 + 8*m. Let r = 8 + -16. Determine u(r).
0
Let t(v) be the first derivative of -v**4/4 - v**3/3 + v + 2. Let q be (-1)/3*-3 - 1. Calculate t(q).
1
Let a(g) be the first derivative of g**4/12 + g**3/6 - 5*g**2/2 - g - 3. Let k(r) be the first derivative of a(r). Determine k(0).
-5
Let u(y) = y**2 - 1. Let z be -1 + (-2)/(-4)*6. Suppose -z*k + 60 = 3*k. Let h be 6/4 - k/8. Give u(h).
-1
Let x(u) = 11*u + 25. Let k(y) = 5*y + 12. Let a(q) = -7*k(q) + 3*x(q). Suppose 11 = -5*b - 19. Determine a(b).
3
Let u(f) = 22*f**2 + 8 - 23*f**2 - 6 - f. What is u(2)?
-4
Let x(o) = 5*o**2 + 2*o - 1. Let n(f) = -f**2 + f - 1. Suppose 3*s - 2*k + 16 = 0, 4*s + 0 + 24 = 4*k. Let j(m) = s*n(m) - x(m). Determine j(-5).
10
Let h(g) = 7*g - 17. Let c(z) = -3*z + 9. Let t(i) = -5*c(i) - 2*h(i). What is t(6)?
-5
Let z = -63 + 67. Let x(f) = f - 6*f**2 + f**2 + f**2 + f**3. What is x(z)?
4
Let r(t) be the third derivative of -t**5/15 - t**4/24 - 32*t**2. Calculate r(1).
-5
Suppose -5*c + 0*c + 20 = 0. Let s(a) = a**3 - 3*a**2 - 3*a + 2. Determine s(c).
6
Let c be (-30)/7 + (-8)/(-28). Let y(t) = 2*t + 4. Determine y(c).
-4
Let q(u) = u. Let y(g) = -3*g. Let i(h) = -10*q(h) - 2*y(h). Calculate i(1).
-4
Let g(x) be the second derivative of -x**3/3 + 5*x**2/2 + 4*x. Calculate g(6).
-7
Let n(q) = q**2 - 6*q. Let p(y) = -y**3 - 11*y**2 + y + 14. Let a be p(-11). Let b be ((-4)/2)/(a/(-9)). Calculate n(b).
0
Let f = 32 + -32. Let b(n) = -n**3 + n**2 + n + 13. Calculate b(f).
13
Let m(t) = t**2 - 2*t + 5. Let b be m(5). Suppose 4*z - 4*d - 8 = 0, -d - b = 3*d. Let n(h) = h**3 + 5*h**2 + 4*h. Calculate n(z).
6
Let k(n) be the third derivative of n**5/30 - n**4/6 - n**3/2 - 11*n**2. Determine k(4).
13
Let v(q) = -8*q + 0*q - 4 + 6*q. Give v(-4).
4
Suppose -3*d + 9*d = -0*d. Let c(p) be the third derivative of -4/3*p**3 + 0 + 1/60*p**5 + 3*p**2 + d*p - 1/24*p**4. What is c(0)?
-8
Let n(l) = -l**3 - l**2 - 1. Let d(o) = -4 + o + 2 - 2. Let g be d(9). Suppose -g*k = -2*b - 7 - 3, b = -5. What is n(k)?
-1
Let d(s) = -3*s**3 - 2*s**2 - 2*s - 2. Let l(a) = -2*a**3 - 2*a**2 - 2*a - 1. Let c(g) = 3*d(g) - 4*l(g). Let f be 4/2 - (-2 - -2). Determine c(f).
2
Suppose 0 = -g + 5*x - x - 23, 4 = -3*g - x. Let s(u) = -u**2 - u + 1. Let t be s(g). Let a(h) = -h**2 - 3*h + 3. Determine a(t).
-7
Let o(i) = 14*i**3 + i**2 - 8*i - 1. Let x(z) be the first derivative of 5*z**4/4 - 3*z**2/2 + 4. Let w(k) = -4*o(k) + 11*x(k). Determine w(-3).
-2
Let z(b) = -b**3 + 5*b**2 + 3. Let j(y) = -y**3 + 11*y**2 - 11*y - 1. Let i be j(10). Let p = 16 + i. Calculate z(p).
3
Suppose -5*j + 3*a + 0 - 6 = 0, -5*j - 4*a + 8 = 0. Let z(m) = -m**2 + 7. Calculate z(j).
7
Let i(f) = 3*f**2 - 1. Let h(o) = -o**2 - o + 1. Let x be h(0). Let c be i(x). Let a(z) = -7 - 2*z**2 + c*z**2 + 2*z**3 - z - 3*z**3. Determine a(0).
-7
Suppose 28 = -4*t + 2*r, -5*t - r = 2*r + 13. Let a(w) = -6*w + 7*w - 2*w - 3. Calculate a(t).
2
Let y = 8 + -21. Let l = -9 - y. Let d(v) = v - 5. Determine d(l).
-1
Suppose -10 = -3*c + 17. Suppose c - 1 = -2*u. Let k be -5 - u - (4 + -1). Let x(b) = b**3 + 3*b**2 - 4*b - 3. Give x(k).
-3
Suppose 5*u - 20 = -5*n, u - 7 = -2*n - 0*u. Suppose 0 = -3*f - 0*f + 2*c + 7, 3*c = -n*f + 12. Let j(p) = -3*p**3 + 4 + 4*p**f - 3 + p**2 - p. Give j(0).
1
Suppose 0 = 3*m - 6*m - 5*i + 13, 7 = 5*m + i. Let p(x) = 2*x + 0*x - 2 + 3 - 5*x. Give p(m).
-2
Let d(g) be the third derivative of -g**5/60 + g**3/2 - 2*g**2. Let o(y) be the first derivative of -y**3/3 + 7*y**2/2 - 6*y - 2. Let a be o(6). Determine d(a).
3
Let u(w) = -3*w**3 + w**2. Let h be (-33)/(-6) - 3/(-6). Let b be -4 + (h - (6 + -3)). Give u(b).
4
Suppose 0 = h - 6 - 0. Let j(p) = -4 + 2 + h + p - 3. Give j(5).
6
Let w(h) = -h**2 + 9*h + 14. Let o be w(10). Let q(v) = o*v - 5*v - 1 - 1. Let f = 0 + 3. Give q(f).
-5
Suppose o = 4*o + 3*k + 9, 4*o + k = 0. Let u = 2 - o. Let n(g) = g**3 + 2*g**2 - 1. Determine n(u).
2
Let t(l) = l**3 - 8*l**2 - 11*l + 5. Let u = 74 + -65. Determine t(u).
-13
Let b(t) = 5*t - 1. Let p = -25 + 15. Let y be 3/(-1 - p/4). Let u = y + -1. Give b(u).
4
Suppose -2*s - 8 = 3*p, -2*p = 3*s - p - 2. Let g(i) = i**3 - i**2 - 2*i + 2. Calculate g(s).
2
Let j be 2 + 0*(0 - 1). Suppose -5*m + j*m - 3 = 0. Let i(b) = -7*b - 1. Calculate i(m).
6
Suppose 2*k + 2*k - 4*t = 0, 4*k - 3 = 3*t. Suppose 3*i - k = -3*x, 0*x + 4*i + 2 = -x. Let z = x - 3. Let p(g) = 5*g. What is p(z)?
-5
Suppose 5*l + h = -41, -5*l - 5*h + 10 - 55 = 0. Let i(t) = -t**2 - 9*t. Calculate i(l).
8
Let i(o) = o - 3*o**2 + 2*o**2 - 2*o. Let x(q) = -q**3 + 4*q**2 + 4*q + 8. Let f(l) = -3*i(l) - x(l). Calculate f(0).
-8
Let l(t) = -1 - 5 + 3 + t + 4. What is l(2)?
3
Suppose -5*k - y - 29 = 0, -4*k - 25 = 2*y - 3. Let x(u) = 3*u**2 + 3*u - 8. Let l(j) = -4*j**2 - 2*j + 8. Let a(s) = -2*l(s) - 3*x(s). Calculate a(k).
2
Let u(c) = -12*c + 10. Let q(d) = -8*d + 7. Let s(l) = 7*q(l) - 5*u(l). Let g(w) = -6 + 2 + w - 5 + 0. Let z be g(10). Determine s(z).
3
Let q(k) = -k**3 - k**2 + 2*k. Let w be 2/6 - 170/51. Determine q(w).
12
Let k(p) = 8*p - 1 + 4 - 12*p - p**2. Give k(-4).
3
Let q(r) = -8*r**3 + 2*r**2 - 2*r + 1. Let x(m) = -m**2 + 9*m - 3. Let s be x(8). Suppose k - s*w = -14, 0*k + 3*k = w. Determine q(k).
-7
Suppose 5*c - 3*q - 10 = 0, -5*q = -0*c + 4*c - 8. Let w(d) be the first derivative of 1/4*d**4 + 3*d - 5/2*d**c + 1 - d**3. Give w(4).
-1
Let y(h) = -h + 3. Let i(j) = -4. Let l(k) = 5*i(k) + 6*y(k). Suppose 4*o + 17 = -3*n, -o + 2*n = -2*o - 8. Calculate l(o).
10
Let v(b) be the first derivative of -b**5/60 - b**4/6 + 5*b**3/6 + 7*b**2/2 + 2. Let d(u) be the second derivative of v(u). Determine d(-6).
-7
Let l(t) = 8 - 6 - 3*t - t. Suppose 0 = 5*o - 5. Let q = 3 - o. Calculate l(q).
-6
Let a(u) = u**3 + 7*u**2 + 7*u + 1. Let s(v) = 3*v + 12. Let h be s(-6). Calculate a(h).
-5
Let o(w) = -1 - 1 + 2*w**2 - w + 1. Give o(-1).
2
Let q be (0/(-4))/(0 + -2). Let l(o) = -o**3 - o**2 - o + 3. Let t be l(q). Let p(s) = 2 - s**3 + 1 + 4*s**2 - s**2. Determine p(t).
3
Suppose 3*p = o + 8, 2*o - 4 - 2 = -5*p. Suppose -a - 3 = -6. Let y(s) = 2*s**3 - 2*s**2 - 1 - s**3 + a*s**2. What is y(o)?
-5
Suppose -m + 5*m = 12. Let i(p) = 2*p**2 - 2*p - 1. Let b be 